ors of 115199.
7, 2351
What are the prime factors of 2895?
3, 5, 193
What are the prime factors of 1871?
1871
What are the prime factors of 224?
2, 7
What are the prime factors of 11600?
2, 5, 29
What are the prime factors of 29063?
29063
What are the prime factors of 3900?
2, 3, 5, 13
List the prime factors of 174.
2, 3, 29
List the prime factors of 2372.
2, 593
List the prime factors of 54179.
17, 3187
List the prime factors of 4512.
2, 3, 47
What are the prime factors of 11228?
2, 7, 401
List the prime factors of 11762.
2, 5881
List the prime factors of 20225.
5, 809
What are the prime factors of 49900?
2, 5, 499
List the prime factors of 5039.
5039
What are the prime factors of 831?
3, 277
What are the prime factors of 3738?
2, 3, 7, 89
What are the prime factors of 28409?
28409
What are the prime factors of 3312?
2, 3, 23
What are the prime factors of 1245?
3, 5, 83
List the prime factors of 2004.
2, 3, 167
List the prime factors of 1651.
13, 127
What are the prime factors of 1001?
7, 11, 13
List the prime factors of 313.
313
What are the prime factors of 13861?
83, 167
What are the prime factors of 105466?
2, 52733
What are the prime factors of 12107?
12107
What are the prime factors of 6276?
2, 3, 523
List the prime factors of 7699.
7699
What are the prime factors of 13236?
2, 3, 1103
List the prime factors of 82736.
2, 5171
List the prime factors of 2758.
2, 7, 197
What are the prime factors of 120008?
2, 7, 2143
List the prime factors of 21294.
2, 3, 7, 13
What are the prime factors of 513?
3, 19
What are the prime factors of 61018?
2, 30509
List the prime factors of 174.
2, 3, 29
What are the prime factors of 4080?
2, 3, 5, 17
List the prime factors of 1939.
7, 277
What are the prime factors of 82?
2, 41
List the prime factors of 104115.
3, 5, 11, 631
What are the prime factors of 342?
2, 3, 19
List the prime factors of 22596.
2, 3, 7, 269
List the prime factors of 8077.
41, 197
What are the prime factors of 3202?
2, 1601
What are the prime factors of 1997?
1997
What are the prime factors of 16528?
2, 1033
List the prime factors of 2596.
2, 11, 59
List the prime factors of 1408.
2, 11
List the prime factors of 2765.
5, 7, 79
List the prime factors of 765.
3, 5, 17
What are the prime factors of 8847?
3, 983
What are the prime factors of 3006?
2, 3, 167
List the prime factors of 376.
2, 47
List the prime factors of 175.
5, 7
What are the prime factors of 1105?
5, 13, 17
List the prime factors of 3603.
3, 1201
What are the prime factors of 12529?
11, 17, 67
List the prime factors of 660.
2, 3, 5, 11
What are the prime factors of 91575?
3, 5, 11, 37
What are the prime factors of 35943?
3, 11981
What are the prime factors of 101193?
3, 89, 379
List the prime factors of 399.
3, 7, 19
List the prime factors of 71467.
11, 73, 89
List the prime factors of 1081.
23, 47
What are the prime factors of 20324?
2, 5081
List the prime factors of 42911.
11, 47, 83
List the prime factors of 12657.
3, 4219
What are the prime factors of 8491?
7, 1213
List the prime factors of 19060.
2, 5, 953
List the prime factors of 102291.
3, 7, 4871
List the prime factors of 2651.
11, 241
What are the prime factors of 52248?
2, 3, 7, 311
List the prime factors of 40686.
2, 3, 6781
What are the prime factors of 907?
907
What are the prime factors of 7523?
7523
What are the prime factors of 2255?
5, 11, 41
What are the prime factors of 156?
2, 3, 13
List the prime factors of 53930.
2, 5, 5393
List the prime factors of 948.
2, 3, 79
What are the prime factors of 98669?
98669
What are the prime factors of 934?
2, 467
List the prime factors of 10665.
3, 5, 79
List the prime factors of 3364.
2, 29
What are the prime factors of 10443?
3, 59
List the prime factors of 1543.
1543
List the prime factors of 96969.
3, 32323
What are the prime factors of 2273?
2273
What are the prime factors of 46848?
2, 3, 61
List the prime factors of 8354.
2, 4177
What are the prime factors of 8620?
2, 5, 431
What are the prime factors of 1785?
3, 5, 7, 17
List the prime factors of 1380.
2, 3, 5, 23
What are the prime factors of 1388?
2, 347
List the prime factors of 2637.
3, 293
List the prime factors of 20937.
3, 7, 997
What are the prime factors of 915?
3, 5, 61
List the prime factors of 36449.
7, 41, 127
What are the prime factors of 296?
2, 37
What are the prime factors of 4418?
2, 47
What are the prime factors of 23901?
3, 31, 257
List the prime factors of 7884.
2, 3, 73
What are the prime factors of 14879?
14879
What are the prime factors of 27756?
2, 3, 257
What are the prime factors of 43220?
2, 5, 2161
What are the prime factors of 76214?
2, 53, 719
List the prime factors of 1139.
17, 67
List the prime factors of 878.
2, 439
List the prime factors of 792.
2, 3, 11
What are the prime factors of 30988?
2, 61, 127
What are the prime factors of 1539?
3, 19
List the prime factors of 3035.
5, 607
List the prime factors of 83632.
2, 5227
List the prime factors of 11149.
11149
What are the prime factors of 11861?
29, 409
What are the prime factors of 4640?
2, 5, 29
List the prime factors of 10.
2, 5
List the prime factors of 13654.
2, 6827
What are the prime factors of 475?
5, 19
What are the prime factors of 12471?
3, 4157
What are the prime factors of 130470?
2, 3, 5, 4349
What are the prime factors of 79853?
47, 1699
List the prime factors of 5902.
2, 13, 227
List the prime factors of 377.
13, 29
What are the prime factors of 4690?
2, 5, 7, 67
What are the prime factors of 121?
11
What are the prime factors of 5762?
2, 43, 67
List the prime factors of 15306.
2, 3, 2551
What are the prime factors of 5310?
2, 3, 5, 59
List the prime factors of 31652.
2, 41, 193
What are the prime factors of 11533?
19, 607
List the prime factors of 273.
3, 7, 13
What are the prime factors of 14405?
5, 43, 67
List the prime factors of 177550.
2, 5, 53, 67
List the prime factors of 54.
2, 3
What are the prime factors of 22575?
3, 5, 7, 43
List the prime factors of 9086.
2, 7, 11, 59
What are the prime factors of 429?
3, 11, 13
List the prime factors of 1537.
29, 53
What are the prime factors of 1213?
1213
What are the prime factors of 7583?
7583
What are the prime factors of 21865?
5, 4373
What are the prime factors of 12906?
2, 3, 239
List the prime factors of 4043.
13, 311
List the prime factors of 6273.
3, 17, 41
List the prime factors of 6734.
2, 7, 13, 37
What are the prime factors of 6119?
29, 211
What are the prime factors of 2103?
3, 701
List the prime factors of 40349.
157, 257
List the prime factors of 1682.
2, 29
What are the prime factors of 45082?
2, 22541
What are the prime factors of 55390?
2, 5, 29, 191
List the prime factors of 9037.
7, 1291
List the prime factors of 544.
2, 17
List the prime factors of 12553.
12553
What are the prime factors of 908?
2, 227
What are the prime factors of 4282?
2, 2141
List the prime factors of 57867.
3, 19289
List the prime factors of 7588.
2, 7, 271
List the prime factors of 33501.
3, 13, 859
List the prime factors of 40156.
2, 10039
What are the prime factors of 167868?
2, 3, 4663
List the prime factors of 71450.
2, 5, 1429
List the prime factors of 36589.
7, 5227
What are the prime factors of 2470?
2, 5, 13, 19
What are the prime factors of 28300?
2, 5, 283
What are the prime factors of 3840?
2, 3, 5
List the prime factors of 2299.
11, 19
What are the prime factors of 2005?
5, 401
List the prime factors of 65731.
65731
What are the prime factors of 1701?
3, 7
What are the prime factors of 133073?
133073
List the prime factors of 827.
827
List the prime factors of 21124.
2, 5281
What are the prime factors of 12306?
2, 3, 7, 293
What are the prime factors of 10115?
5, 7, 17
List the prime factors of 38451.
3, 7, 1831
What are the prime factors of 513?
3, 19
What are the prime factors of 557?
557
What are the prime factors of 27023?
61, 443
List the prime factors of 135248.
2, 79, 107
List the prime factors of 5070.
2, 3, 5, 13
What are the prime factors of 4241?
4241
List the prime factors of 43840.
2, 5, 137
List the prime factors of 13925.
5, 557
What are the prime factors of 1772?
2, 443
What are the prime factors of 17223?
3, 5741
List the prime factors of 10597.
10597
What are the prime factors of 10105?
5, 43, 47
What are the prime factors of 18372?
2